12*x - 34. What is g(10)?
-14
Let j(x) = 3*x + 1. Calculate j(6).
19
Let z(x) = -2*x - 51. Determine z(-27).
3
Let r(k) = k**3 + 6*k**2 - 8*k - 8. What is r(-7)?
-1
Let g(d) = d**2 + 10*d - 20. Give g(-12).
4
Let l(d) = d - 2. What is l(-2)?
-4
Let a(f) = 14*f - 3. Determine a(1).
11
Let u(y) = -4*y**2 + 18*y + 5. Give u(5).
-5
Let l(w) = -3*w + 32. Calculate l(19).
-25
Let w(u) = -u**3 - 5*u**2 + 8*u - 9. Calculate w(-7).
33
Let d(w) = 5*w - 48. Determine d(11).
7
Let j(n) = n - 53. What is j(0)?
-53
Let o(q) = -7*q + 35. What is o(4)?
7
Let i(p) = -11*p + 48. What is i(5)?
-7
Let k(a) = -a**2 + 19*a - 34. What is k(13)?
44
Let o(r) = r**3 + 5*r**2 + 4*r + 2. Give o(-4).
2
Let k(s) = -s - 2. Give k(-2).
0
Let l(a) = -a**3 - 4*a**2 - 7*a - 9. Calculate l(-3).
3
Let i(u) = u**3 - 12*u**2 + 12*u - 6. Determine i(11).
5
Let z(d) = d**2 - d - 16. Give z(-13).
166
Let b(f) = f**3 - 3*f**2 + 5*f - 8. Determine b(2).
-2
Let r(s) = -5*s - 14. What is r(3)?
-29
Let a(s) = s**3 + 5*s**2 - 6*s - 6. Calculate a(-6).
-6
Let n(b) = b**3 + 9*b**2 + 20*b + 9. Calculate n(-6).
-3
Let l(g) = g**2 - 20. Give l(7).
29
Let r(v) = -v**2 - 75*v - 1159. What is r(-22)?
7
Let f(c) = c**2 - 22*c + 42. What is f(19)?
-15
Let p(l) = -170*l + 850. Give p(5).
0
Let h(a) = -42*a**2 + 2*a + 1. Determine h(-1).
-43
Let c(m) = 4*m**2 - 16*m - 3. What is c(6)?
45
Let l(k) = k**2 + 17*k + 77. Determine l(-10).
7
Let h(a) = a**3 + 5*a**2 - a + 1. Determine h(-5).
6
Let h(k) = -k**3 - 4*k**2 + 7*k + 1. What is h(-5)?
-9
Let f(d) = -17*d. Give f(-1).
17
Let b(y) = -y**3 - 7*y**2 + 6*y - 100. Calculate b(-9).
8
Let r(i) = 5*i + 12. Calculate r(-3).
-3
Let y(p) = p**3 + 19*p**2 + 2*p + 39. What is y(-19)?
1
Let v(a) = -21*a - 1. Calculate v(-1).
20
Let p(m) = m**2 - 6. What is p(-3)?
3
Let w(z) = -136*z**2 + 2*z - 1. What is w(1)?
-135
Let y(r) = 5*r - 24. Calculate y(5).
1
Let b(x) = -x**3 - 6*x**2 + 12*x - 50. Calculate b(-8).
-18
Let x(o) = -o**3 + 11*o**2 - 5*o - 12. Give x(10).
38
Let s(r) = r**2 - 1. Determine s(-1).
0
Let k(h) = -19*h**3 - 4*h**2 + 3*h. Determine k(1).
-20
Let g(l) = l**3 - 4*l**2 + 17*l - 77. What is g(4)?
-9
Let y(a) = a**2 + 24*a - 48. Calculate y(-27).
33
Let z(n) = n**3 - 16*n**2 + 31*n - 25. Give z(14).
17
Let n(j) = j**2 - 6*j + 14. Give n(4).
6
Let g(a) = a**2 - 13*a - 63. Give g(17).
5
Let j(p) = p**3 - 4*p**2 - 11*p + 2. Calculate j(5).
-28
Let q(o) = 7*o - 13. Calculate q(9).
50
Let c(n) = -n**3 - 14*n**2 + 15*n - 1. Calculate c(-15).
-1
Let k(j) = 10*j - 11. Determine k(8).
69
Let n(j) = j**3 - 17*j**2 + 11*j + 107. Calculate n(16).
27
Let l(k) = -k**3 - 2*k**2 + 1. What is l(-2)?
1
Let o(u) = -u**3 - 2*u + 37. Calculate o(0).
37
Let w(x) = 4*x**3 - 9*x**2 - 5*x + 5. Determine w(2).
-9
Let d(f) = -f**2 + 10*f - 2. Give d(14).
-58
Let z(q) = q**2 + 7*q + 9. Determine z(-7).
9
Let x(d) = -24*d**2 + 1. Calculate x(-1).
-23
Let j(o) = o**2 + 6*o - 1. Give j(-4).
-9
Let h(i) = 77*i**3 - i - 2. Calculate h(-1).
-78
Let i(t) = 3*t**2 + 3*t + 3. Calculate i(-2).
9
Let a(s) = -s**2 - 6*s - 52. What is a(-9)?
-79
Let h(s) = -s**2 - 15*s - 15. Determine h(-15).
-15
Let v(z) = 2*z + 1. Give v(3).
7
Let x(z) = z**3 - 10*z**2 - 38*z - 17. Determine x(13).
-4
Let p(v) = v**3 + 5*v**2 - 5*v - 6. Determine p(-5).
19
Let i(w) = w**3 - 18*w**2 - 18*w - 22. What is i(19)?
-3
Let n(v) = 13*v + 142. Calculate n(-11).
-1
Let k(m) = 2*m**2 - 23*m + 58. Calculate k(8).
2
Let f(a) = -3*a**3 - 15*a**2 - 3*a - 10. Give f(-4).
-46
Let j(t) = 11*t - 5. Calculate j(3).
28
Let k(r) = -2*r**2 + 8*r + 6. Calculate k(6).
-18
Let x(p) = -p - 23. Give x(-16).
-7
Let a(f) = -16*f**3 - 4*f - 6. Calculate a(-2).
130
Let k(h) = -18*h - 27. Give k(-2).
9
Let a(g) = g**3 + 8*g**2 + 37*g + 144. Give a(-6).
-6
Let f(v) = 3*v**2 + 10*v + 10. Give f(-7).
87
Let m(z) = -z**3 + 2*z**2 + 3*z - 5. Determine m(-4).
79
Let i(b) = -b**3 + 23*b**2 - b + 17. What is i(23)?
-6
Let z(g) = -g**3 - 25*g**2 - 17*g + 162. Give z(-24).
-6
Let v(y) = -2*y**2 + 33*y + 15. Calculate v(17).
-2
Let a(n) = -11*n - 70. Calculate a(14).
-224
Let r(z) = z**2 + 12*z + 27. Calculate r(-9).
0
Let y(n) = -n**3 + 3*n**2 + 6*n - 4. Determine y(4).
4
Let u(r) = r**2 + 7*r + 3. What is u(-6)?
-3
Let m(u) = -u**3 + 10*u**2 + 11*u - 17. What is m(11)?
-17
Let p(i) = -i. Give p(0).
0
Let b(f) = f**3 + 13*f**2 - f - 29. Determine b(-12).
127
Let m(y) = -67*y - 200. Determine m(-3).
1
Let y(r) = r**2 + 30. What is y(0)?
30
Let n(u) = u**2 - 13*u + 27. Give n(11).
5
Let g(d) = d**3 + 18*d**2 - 44*d - 46. What is g(-20)?
34
Let h(y) = y + 10. Give h(-6).
4
Let q(j) = -8*j - 60. Calculate q(-7).
-4
Let l(a) = 4*a - 62. Give l(18).
10
Let w(s) = -13*s + 1. Determine w(-2).
27
Let x(s) = s**3 - 12*s**2 - 8*s - 2. Determine x(13).
63
Let k(y) = -y**3 + 42*y**2 + 43*y - 5. Determine k(43).
-5
Let c(y) = -2*y - 22. What is c(10)?
-42
Let v(q) = q**2 + q + 2. Calculate v(-2).
4
Let u(l) = 65*l + 256. Give u(-4).
-4
Let p(l) = -6*l**3 + l**2 - 5*l + 4. Calculate p(1).
-6
Let d(n) = n**3 + 2*n**2 + 6*n + 4. What is d(-4)?
-52
Let v(w) = -w**2 - 30*w + 121. Give v(-34).
-15
Let z(t) = t**3 + 7*t**2 - 5*t - 4. Determine z(-7).
31
Let i(c) = -8*c - 5. Determine i(-3).
19
Let z(w) = w + 3. What is z(6)?
9
Let o(p) = -14*p**2 + 114*p - 10. Determine o(8).
6
Let i(c) = -c + 22. Calculate i(10).
12
Let k(z) = z**2 - z + 4. Determine k(8).
60
Let b(w) = -w**3 - 18*w**2 - 12*w + 31. Calculate b(-17).
-54
Let l(v) = -7*v**2 + 11*v - 5. What is l(2)?
-11
Let a(c) = 2*c + 1. Give a(3).
7
Let r(i) = i**2 + 11*i - 4. Determine r(-11).
-4
Let z(q) = q**3 - 7*q**2 - 8*q - 8. Give z(8).
-8
Let g(a) = -a**3 + 4*a**2 + 14*a - 32. What is g(5)?
13
Let v(c) = 3*c**2 + 2*c + 1. Give v(-3).
22
Let f(l) = l**3 + 5*l**2 - 3*l - 4. Give f(-5).
11
Let i(g) = 8*g + 31. What is i(-9)?
-41
Let k(r) = -r**2 + 63*r + 1359. Calculate k(80).
-1
Let k(h) = 38*h - 4. What is k(3)?
110
Let h(k) = -k**3 - 4. Determine h(-3).
23
Let t(m) = m**2 - m - 9. Calculate t(-3).
3
Let x(b) = -13*b + 72. What is x(6)?
-6
Let n(y) = -y**3 - 5*y**2 - y - 3. Calculate n(-4).
-15
Let h(m) = -6*m**2 + 17. What is h(0)?
17
Let x(h) = -13*h + 263. Give x(20).
3
Let n(c) = -c**3 - 3*c**2. Determine n(-3).
0
Let u(g) = -26*g**2 - 2*g - 1. Give u(-1).
-25
Let s(t) = -2*t**3 + 15*t**2 + 4*t. Give s(8).
-32
Let a(u) = 2*u - 49. Determine a(0).
-49
Let l(b) = 4*b + 26. What is l(-7)?
-2
Let z(s) = s**2 - 11*s - 8. Give z(10).
-18
Let u(d) = -d + 6. What is u(-3)?
9
Let p(a) = -8*a + 38. What is p(7)?
-18
Let b(a) = -5*a - 24. Determine b(-8).
16
Let t(u) = u**2 + 2*u - 8. Calculate t(-4).
0
Let g(z) = -6*z**3 + 14*z**2 - 3*z + 2. Calculate g(2).
4
Let z(h) = -3*h**3 + h**2 - 3. Give z(-3).
87
Let d(u) = 12*u. Determine d(-3).
-36
Let u(i) = -i**3 + 46*i**2 - 43*i - 94. Give u(45).
-4
Let x(g) = -2*g**3 + 14*g**2 - 11*g - 13. What is x(6)?
-7
Let y(a) = 4*a + 2. Give y(5).
22
Let d(u) = -u**3 - 18*u**2 + 17*u - 42. Give d(-19).
-4
Let q(l) = l**3 + 6*l**2 - l - 13. Determine q(-5).
17
Let a(p) = p**3 - 23*p**2 - 49*p - 11. Give a(25).
14
Let r(u) = 10*u**2 - 2*u + 3. Calculate r(1).
11
Let q(x) = -x**2 + 17*x - 83. Give q(9).
-11
Let n(l) = -l**2 - 3*l + 7. Calculate n(-11).
-81
Let g(w) = w**2 + 86. Determine g(0).
86
Let y(c) = c + 15. Calculate y(-7).
8
Let r(j) = 15*j**3 + 89*j**2 - 7*j - 3. What is r(-6)?
3
Let d(i) = i**3 - 20*i**2 - 20*i - 20. What is d(21)?
1
Let d(g) = -3*g**2 + 1. Calculate d(-3).
-26
Let u(x) = x + 10. Determine u(0).
10
Let p(j) = j**2 + 23*j - 53. What is p(-13)?
-183
Let p(m) = m**3 - 2*m**2 + 8*m + 11. Calculate p(0).
11
Let q(g) = 22*g + 354. Calculate q(-17).
-20
Let p(y) = -y**3 - 8*y**2 - 7*y - 5. What is p(-7)?
-5
Let k(n) = -n**3 - 4*n**2 - 2*n - 4. Calculate k(-3).
-7
Let o(z) = z**2 - 15*z - 2. Calculate o(15).
-2
Let g(z) = -13*z**3 - z**2 - 3*z + 3. Calculate g(1).
-14
Let w(t) = -t + 4. Give w(-3).
7
Let a(n) = -n**2 + 19*n - 43. What is a(3)?
5
Let i(q) = q**3 - 4*q**2 - 2*q - 3. Determine i(5).
12
Let k(t) = 20*t + 101. Calculate k(-5).
1
Let d(l) = -l**3 + 3*l**2 - 1. What is d(2)?
3
Let y(m) = -m**3 + 9*m**2 + 10*m + 5. Determine y(10).
5
Let q(r) = 5*r + 5. What is q(5)?
30
Let q(j) = -j**2 + 12*j - 6. Determine q(11).
5
Let j(r) = 2*r**3 - r**2 - 4*r 